/(4 + (486/12)/(-9))?
True
Let p(s) = -s**3 - 9*s**2 + 13*s + 15. Let z be p(-10). Let o = z - -6. Let c(a) = -a**3 - 9*a**2 + 7. Is c(o) even?
False
Let q = -93 + 96. Suppose -3*p - w + 11 - q = 0, 0 = -4*p + 2*w + 24. Does 2 divide p?
True
Suppose -75348 = -25*j - 27*j. Does 21 divide j?
True
Suppose 258 = 4*f + 14. Suppose o + f = 2*o. Is o a multiple of 22?
False
Let j(g) = -15*g**3 + g + 2. Suppose 1 = -0*r - r. Let a be j(r). Suppose -4 = p - a. Does 3 divide p?
True
Let a be (-6)/(-18)*(-130 - -1). Let j = -34 - a. Is 3 a factor of j?
True
Let t = 6 + -1. Suppose 8 = 7*b - t*b. Suppose 4*o = 4*h + o - 105, -b*o + 170 = 5*h. Does 11 divide h?
False
Is 27 a factor of 5*(-7 + (-843)/(-105))*21?
True
Let l(w) = -9*w - 15. Let b(r) = -4*r - 7. Let c be (14/4)/(2/(-4)). Let y(q) = c*b(q) + 3*l(q). Is 7 a factor of y(4)?
False
Suppose -v = -5*c + 17, 0 = -4*v + 3*c + 2*c - 23. Does 38 divide v/(-11) - 1668/(-22)?
True
Let o = -198 + 265. Is o a multiple of 6?
False
Suppose 204 = -16*k + 19*k. Suppose -4*s + k = -76. Does 6 divide s?
True
Let q = 430 - 116. Does 4 divide q/8 + 2/(-8)?
False
Let x(j) = 2*j**2. Suppose 2*s = 3*s, 3*b = -2*s - 51. Let t = b - -15. Is 7 a factor of x(t)?
False
Let k(z) = 6*z + 2. Let t be k(-5). Let c = t - -46. Does 8 divide c?
False
Let f = 3996 + -1847. Is 7 a factor of f?
True
Let m(u) be the second derivative of -u**5/20 + 7*u**4/12 + u**3/6 + 9*u**2/2 + 4*u. Is 5 a factor of m(7)?
False
Let u(t) = t**2 - 4*t + 5. Let c(y) = -y**2 - 11*y + 16. Let p be c(-11). Suppose l + l = b + 16, 0 = -4*l - 2*b + p. Is 17 a factor of u(l)?
True
Suppose c - 180 = -3*h, -5*h + 556 = 3*c - 0*c. Does 17 divide c?
False
Let g(q) = 13*q**3 - 2*q**2 - 8*q - 11. Let s be g(-2). Suppose -3*b - 5*r = b + 15, 4*b - r = 3. Is 33 a factor of b + 2 - (s + 6)?
False
Let a(x) = x**3 - 10*x**2 + 2*x + 5. Suppose -5*b - 4*l = -0*l - 38, -14 = -2*b - 2*l. Does 13 divide a(b)?
False
Let r be ((114/(-2))/(2 + -3))/1. Let d = r + -47. Does 5 divide d?
True
Let u(h) = -h + 4. Let p be u(0). Suppose -2*a = -p - 82. Is a a multiple of 15?
False
Let x(y) = 3*y**2 + 3*y + 9. Let w be x(-4). Suppose 0 = -4*a - b - 99, -3*a = -2*a - 3*b + 15. Is 3 a factor of w/4 - (-6)/a?
False
Is 545 - (-4)/6*24/16 a multiple of 24?
False
Let u = 569 - 359. Is u a multiple of 18?
False
Let i = -24 + 24. Suppose i = 5*z - 0*z - 845. Suppose 4*o = -5*h + 30 + z, o + 77 = 2*h. Does 13 divide h?
True
Suppose -40*n + 37*n - z + 2825 = 0, 4*z + 3740 = 4*n. Is 94 a factor of n?
True
Let q be (12/(-8))/(9/24). Let z(i) = i**3 + 7*i**2 + 1. Is 6 a factor of z(q)?
False
Let v(s) = 17*s**2 + 2*s + 2. Let w(a) = a**3 - 11*a**2 - 13*a + 11. Let p be 14*5/((-70)/(-12)). Let g be w(p). Is 5 a factor of v(g)?
False
Let x(z) = z**3 - 20*z**2 - 41 - 31*z + 11 + 3*z. Is 14 a factor of x(22)?
True
Let v = 10 - -4. Suppose b + j = -b + 29, 0 = -2*b - 4*j + v. Is b a multiple of 17?
True
Suppose -443 = -4*u + 53. Does 4 divide u?
True
Suppose z - 204 = 5*s, -2*z - 2*s - 573 = -5*z. Is 63 a factor of z?
True
Suppose 8*h + 528 = 2256. Does 36 divide h?
True
Suppose -2*r - 2*c + 10 = 0, 5*r - 4*r + 4*c = 14. Suppose -x = 2*v - 228, -77 = -2*v - r*x + 151. Is v a multiple of 19?
True
Let k(w) be the second derivative of w**5/20 - w**4 + 5*w**3/2 - 3*w**2/2 + 5*w. Is 11 a factor of k(11)?
False
Suppose g - 90 = -4*z - g, 5*z + g = 105. Suppose -16*t = -z*t + 260. Is t a multiple of 14?
False
Let b(r) = -6*r**3 - 4*r**2 - 3*r + 2. Let f be b(4). Does 11 divide 3/(-7) - f/7?
False
Let h(r) = 6*r - 3. Let d = 3 + 3. Let z be h(d). Let v = -18 + z. Is v a multiple of 14?
False
Let k = 828 + -464. Is 9 a factor of k?
False
Let c = -302 + 392. Is 9 a factor of c?
True
Suppose 10057 + 1311 = 29*x. Is 14 a factor of x?
True
Suppose 5*j - 667 = 1973. Does 12 divide j?
True
Let l = 784 - -233. Is 16 a factor of l?
False
Let j(b) = -54*b + 192. Is 10 a factor of j(-2)?
True
Let v(l) = 465*l**2 - 44*l - 6. Is v(3) a multiple of 71?
True
Suppose z - 24 - 26 = 0. Let k = z - 19. Is k a multiple of 21?
False
Let s(n) = 8*n - 16. Let r be s(-13). Let i be (r/100)/(3/(-5)). Suppose -i*d - 284 = -5*q, 4*q - 5*d = -q + 275. Does 32 divide q?
False
Is (-2 - -2) + 77027/17 a multiple of 84?
False
Suppose 4 + 2 = -6*j. Is (j + 0)/((-17)/510) a multiple of 10?
True
Let h = -6 - -37. Let w = 97 + -76. Let q = h - w. Is q a multiple of 3?
False
Let l = 1206 + -1118. Does 8 divide l?
True
Let g be (24/9 - 2) + (-1204)/(-21). Let w be 2/5 + (-4)/10. Suppose -v - j + 17 = -3*j, -2*v - 2*j + g = w. Does 5 divide v?
True
Suppose 6*f = -4*z + 9117 + 4709, -4*f + 9204 = -4*z. Is 12 a factor of f?
False
Let z(r) = r**3 - 30*r**2 - 40*r - 204. Is 30 a factor of z(34)?
True
Let b = 808 - 107. Is b a multiple of 58?
False
Suppose -4*p + 150 = -5*t, 3*p = -p - 3*t + 166. Let x = p + 105. Is 29 a factor of x?
True
Suppose -3*o = 5*k - 453, -3*k + 161 = -o - 108. Suppose 3*u - 108 = k. Is 33 a factor of u?
True
Suppose -3*u + 292 = 5*i - 4*u, 0 = -3*u + 9. Suppose 3*o = -2*j - 12, 12 = 5*j + 4*o + 35. Is 11 a factor of i + (-11 - -4 - j)?
True
Suppose 105 = 2*q + c - 0*c, -5*q + 261 = 2*c. Suppose -3*k - 255 = -5*w, q = w + 2*k - 5*k. Suppose 36 = 3*x + 4*i - i, 4*x + i = w. Does 5 divide x?
False
Let f(z) = 12*z**2 + 51*z + 337. Does 16 divide f(-7)?
False
Is 44 a factor of (131747/(-21))/(-11) - (-15)/9?
True
Suppose 5*i + 2*h - 13 = 0, -4*h + 33 = 4*i + 13. Suppose 3*w = 3*x - 9, 4*x - 2*w = i + 11. Is 2 + 316/4 - x a multiple of 26?
True
Suppose 3*o - 4*l - 1044 = -o, 5*o + 2*l = 1340. Is o a multiple of 14?
True
Let l = -343 - -583. Is 30 a factor of l?
True
Let u(a) = -7*a**2 - 4*a. Let p(k) = -6*k**2 - 3*k. Let x(y) = -4*p(y) + 3*u(y). Let g be x(1). Is 12 a factor of -3*1/g - -50?
False
Suppose 18*m = 72*m - 187326. Is 35 a factor of m?
False
Let k be 334 + (1 - 2 - -4). Suppose 7*a - k - 167 = 0. Is a a multiple of 24?
True
Suppose 147 + 73 = 5*b. Suppose -10*a + 168 = -3*a. Suppose u - a = b. Is u a multiple of 14?
False
Suppose m - 8 = -3*m. Suppose -m*t = 2*t - 8. Suppose -t*j + 32 + 52 = 0. Is j a multiple of 21?
True
Suppose 0*y - 4*y = 3*w + 156, -5*y - w - 195 = 0. Is 37 a factor of ((-2)/2)/((-13)/y) - -151?
True
Let y(j) = -540*j + 92. Is y(-4) a multiple of 39?
False
Let n(r) = 42*r - 6. Suppose -5*m - g = 4*g + 10, -m + 2*g = -13. Let s be n(m). Let p = s - 31. Is p a multiple of 27?
False
Is 4 a factor of (-5 - (4 + -7))/2*-935?
False
Is (-7)/(7/4) + 516 a multiple of 39?
False
Does 19 divide 21/(((-72)/261)/(-8))?
False
Let d(p) = -2*p**2 + 5*p + 1. Let k be d(5). Let j(b) = b**3 + b**2 + 2*b + 2. Let u be j(-2). Is (28/u)/(8/k) a multiple of 14?
True
Suppose 5*u - 4*u = 14. Let y be 5/(u + -4)*-16. Is 19 a factor of 88 - (-2 + -2 - y)?
False
Let w(v) = -249*v**3 + v**2 + 10*v + 10. Is w(-1) a multiple of 10?
True
Let l(c) be the second derivative of -1/20*c**5 + 0 - 2/3*c**4 - 3/2*c**3 - c + 5/2*c**2. Is 19 a factor of l(-7)?
True
Let z be (2 - (-4)/2) + -14. Let x be (0 - 20/(-8))*z. Does 11 divide (-5)/2*130/x?
False
Let i be -10*((-16)/(-20) - 2). Let h be (i/9)/((-8)/(-12)). Suppose h*x - 126 = -0*x. Is x a multiple of 21?
True
Suppose 3*c = -5*i + 385, -9*i = 2*c - 8*i - 266. Is c a multiple of 14?
False
Let u(x) = 5*x + 1. Let z be u(-6). Let h = z - -62. Suppose p = -4*r + h, 4*r - 2*r + 2*p = 12. Does 9 divide r?
True
Suppose -83*p - 1808 = -4*q - 79*p, 5*p = -2*q + 904. Is 3 a factor of q?
False
Suppose 0 = 5*h - 51 - 74. Let d = 47 + h. Is 36 a factor of d?
True
Let f = -852 + 1259. Is 28 a factor of f?
False
Let t(b) = 23*b - 5. Let s be t(7). Suppose -i - s = 3*i. Let c = 81 + i. Is c a multiple of 14?
True
Let y(j) = j - 2. Let n be y(4). Suppose n*s + 3*t - 97 = 0, 156 + 77 = 5*s - 2*t. Is 11 a factor of s?
False
Let g(j) be the first derivative of 0*j**3 + 1/2*j**2 + j + 3/2*j**4 + 6. Is g(2) a multiple of 17?
True
Let c = -1110 + 2810. Is 85 a factor of c?
True
Let b = 999 - 285. Does 14 divide b?
True
Let l(f) = 4 - 13*f**3 + 6*f**3 - 2*f**2 + 3*f + 5*f**3 - f. Let x be l(-3). Suppose x = p - 74. Does 33 divide p?
False
Let w = -1893 - -2419. Is 89 a factor of w?
False
Suppose 4*n = 5*y + 16, 0 = -n - 2*n - 5*y + 12. Suppose 9*i - 2060 = n*i. Suppose 5*o - i + 92 = 0. Is 18 a factor of 